ose -28*y - 7182 = -37*y. What is the highest common divisor of 42 and y?
42
Suppose -453 = -16*k + 427. Let s = 50 - 45. Calculate the highest common factor of s and k.
5
Let c(q) = -2*q**2 + 16*q - 5. Suppose 0 = -8*t + 10*t - 10. Let f be c(t). Calculate the highest common factor of f and 125.
25
Let p = 201 - 117. What is the greatest common factor of 24 and p?
12
Let f(u) = 2*u**2 - 7*u. Let a be f(6). Let k = 23054 + -22724. Calculate the highest common factor of a and k.
30
Let b be 939/27 - (-30)/135. What is the greatest common divisor of b and 147?
7
Suppose 0*s = 4*s + 12. Let h be 2/(-6) - 37/s. Calculate the greatest common divisor of 48 and h.
12
Let j(a) = 2*a**3 + a + 1. Let l(v) = v**2 - 3*v + 2. Let h be l(3). Let t be j(h). Let p be ((-14)/(-4) + 0)*38. What is the highest common factor of p and t?
19
Let u be (-2 - 165)/(-1 + 0). Suppose 0 = 4*f - 225 - u. Suppose -6*s = -4*v - s + f, 3*v = -5*s + 56. Calculate the highest common factor of v and 22.
22
Suppose 21*g - 128 = 13*g. Calculate the highest common divisor of 8 and g.
8
Let m = 1960 - 1600. Calculate the greatest common factor of 72 and m.
72
Let z(n) = 4 - 2 + 1 - 6 - 6*n. Let x(a) = 11*a + 6. Let y(s) = 4*x(s) + 7*z(s). Let p be y(1). Calculate the highest common divisor of p and 25.
5
Suppose -4*k + 3*t = k + 7, 2*k = -2*t + 10. Let g be (-1)/3*0*-1. Suppose g = -4*x - u + 9, 4 = u - 1. Calculate the highest common divisor of x and k.
1
Let i(j) = 2*j**3 - 3*j**2 - 3*j - 2. Let u be i(3). Let l be ((-5)/(-2))/(190/456). Suppose 2*x - l*x + u = 0. Calculate the greatest common factor of x and 4.
4
Let s(p) = -15*p - 88. Let r be s(-6). Let n be 5/4 + (-2)/8. Suppose r*c - 6 = a, 5*a + n + 2 = c. What is the highest common factor of 24 and c?
3
Let t be (-1)/1 - -2 - 1. Let r = 2 - t. Let a(q) = -q**3 + 5*q**2 + 4. Let z be a(3). Calculate the highest common divisor of r and z.
2
Suppose 0 = 3*r - 0*r - 360. Suppose 135*n - 133*n = 3*l + 33, 26 = 2*n + 4*l. What is the highest common factor of n and r?
15
Suppose 0 = 4*w - 9 + 65. Let r(i) = -i**3 - 2*i**2 - 9*i - 8. Let y be r(-6). Let f be (-8)/14 - y/w. What is the greatest common factor of 91 and f?
13
Let w(l) = 2*l + 22. Let s be w(-10). Suppose 5*z = 25, 0 = -2*a + 5*z - s*z + 69. Suppose 0 = -5*p + 61 + 79. Calculate the highest common factor of a and p.
14
Let r be (-1 - -4)/(1/1). Suppose 2*s - 3 = r, 0 = h - 2*s + 14. Let a be (-76)/h - (-2)/(-4). What is the greatest common factor of a and 9?
9
Let r = 3 + 25. Suppose 3*o - 77 = -z + 511, 3*z = -3*o + 588. What is the greatest common divisor of o and r?
28
Suppose 0*l + 3*l = 0. Suppose 4*h - h + 2*d - 48 = l, -3*d - 5 = -h. What is the highest common divisor of 14 and h?
14
Let v be -21 + 24 + 34/2. Calculate the highest common divisor of v and 70.
10
Suppose 0*w - 5 = -w. Let z be (-2)/(-3) - 4*(-301)/84. What is the highest common factor of z and w?
5
Suppose -3*b = -2*t + 7*t - 26, 0 = 2*t - 3*b - 23. Suppose -4*l = t + 1. Let z be 3 + (1 - 0) + l. Calculate the highest common divisor of 14 and z.
2
Let r = 415 - 401. Let y = 111 - 41. What is the highest common factor of y and r?
14
Let b = 231 + 21. Calculate the highest common divisor of b and 84.
84
Let z = 211 - 145. Suppose -3*o = -0*o. Suppose -4*l + 28 = 2*j, o = 3*j - 2*l - 3*l + 2. Calculate the greatest common factor of j and z.
6
Suppose -q + 360 = 141. What is the highest common factor of q and 73?
73
Let m(d) = d**3 - 10*d**2 + 7*d + 22. Let u be m(9). Suppose -f - u*p - 62 = -4*f, 5*p = 3*f - 61. What is the greatest common factor of 33 and f?
11
Suppose u - 12 = -2*u + 3*w, -6 = 3*w. Let x be u + 21/(-15) + 2485/25. Let n be (23 - (0 - 1)) + 1. What is the highest common factor of n and x?
25
Let f(d) = -6*d - 4. Let u be f(-6). Suppose -4*n + 5 = -59. Suppose 4*m = 16 + n. Calculate the greatest common divisor of m and u.
8
Suppose -5*o = -2*o - 12. Let g = -1066 + 1102. What is the greatest common divisor of g and o?
4
Suppose 0*l + 2*l - 192 = -2*h, -h = -5*l - 78. Let y = h + -71. Calculate the greatest common divisor of y and 242.
22
Suppose 0 = 9*g - 22 - 14. Let f be (g/(-2))/(6/(-39)). Calculate the highest common factor of 117 and f.
13
Suppose -3*h - 6*t + t - 6 = 0, 0 = -h - t. Let j be ((-1)/h)/((-12)/576). What is the highest common factor of 112 and j?
16
Let o(f) be the first derivative of 6*f**2 - f - 2. Let g be o(1). Let d(a) = 7*a - 14. Let n be d(13). What is the greatest common divisor of g and n?
11
Suppose 3*p - 5*k - 214 = -0*k, -k = 5. Let l be (p/42)/((-2)/(-4)). Calculate the highest common factor of l and 27.
3
Let a = 31 + -4. What is the highest common divisor of 459 and a?
27
Let l = -531 - -693. What is the highest common divisor of l and 2?
2
Let m = -116 - -126. Suppose -56 = -m*f + 184. What is the highest common divisor of 8 and f?
8
Let y(n) = 22*n - 4. Let t be y(1). Let v be (-3)/(-3)*25 - -2. Calculate the highest common factor of t and v.
9
Let c be (42*(-10)/(-75))/((-4)/(-180)). What is the highest common factor of 224 and c?
28
Let m = 105 + 43. What is the greatest common factor of m and 185?
37
Let n(h) = -h - 2. Let c be (-12)/20 - 112/(-20). Let p be 5/((c - 3)/(-2)). Let w be n(p). Calculate the highest common factor of w and 3.
3
Let k be 17 - 1/2*2. Let a(w) = 2*w**3 - 6*w**2 + 4*w - 16. Let y be a(4). Calculate the highest common factor of y and k.
16
Let a be (-3)/((-9)/6) - -22. Let z(l) = 0*l + 5*l + 10*l + 22*l**2 - 30 + l**3. Let m be z(-21). Calculate the highest common divisor of a and m.
24
Let c(m) = 20*m. Let g be c(1). Suppose -241 - 159 = -5*o. Calculate the greatest common divisor of g and o.
20
Let c be -2 + -4 + -16 + 1. Let u be ((-180)/c)/((-2)/(-49)). Let o be u/28*66/5. Calculate the highest common factor of 9 and o.
9
Suppose 0 = -3*m + 2*m + 4. Let h be -6*5/(-60) - (-542)/m. Calculate the highest common divisor of h and 17.
17
Suppose 0 = -k - 2*c - 5, 6 = -4*k - 5*c - 2. Suppose 2*n = u + 181, -k*n - 3*u + u = -268. Calculate the greatest common divisor of 36 and n.
18
Suppose -5*h + 0*h + 25 = 0. Suppose 22 = d + h*b - 10, -18 = -d + 2*b. What is the greatest common divisor of 176 and d?
22
Let k = 2119 + -2034. What is the highest common divisor of 3825 and k?
85
Let m be (-13)/((-13)/6)*(-2)/(-4). Suppose -v = z - 33, z = m*v - 8*v + 161. What is the highest common divisor of v and 256?
32
Suppose 82 = 2*d + 5*m, 0*m - 4 = -2*m. Suppose 0 = -n + k + 2 + 10, -4*k = 2*n - d. Calculate the highest common divisor of n and 14.
14
Suppose -6*v = -8*v + 52. Suppose -4*a = -0*z - 3*z - 62, -v = -2*a - z. Calculate the greatest common factor of 14 and a.
14
Let h(v) = -v**2 - 2*v - 2. Let j be h(-3). Let b(c) = 19*c**2 - c - 7. Let z be b(j). What is the greatest common factor of z and 43?
43
Let g = 106 + -108. Let b be g + 2 + 8 + (-8)/(-2). What is the highest common factor of b and 12?
12
Let v be (-86)/5 - 44/55. Let j be v*(4 + -9)/10. What is the highest common factor of j and 18?
9
Let x(u) = 12*u**2 - 13*u - 74. Let p be x(-8). Calculate the greatest common divisor of p and 42.
42
Let x(l) = -l + 6. Let v be x(7). Let f be 6 - v - (-1 - -4). Suppose -155 = -f*c + j, -3*c + 184 = 4*j + 44. Calculate the highest common divisor of 60 and c.
20
Let o be (2/(-6))/(3 + (-1456)/483). Calculate the highest common divisor of o and 3.
1
Let w = 55 + 20. Calculate the greatest common divisor of w and 275.
25
Let a = -1430 + 1470. Calculate the highest common divisor of 1160 and a.
40
Let y = -3 - 8. Let w = y - -14. Calculate the highest common factor of w and 18.
3
Let h = -7 + 10. Let x be (0 - -1)/(-4 + 465/117). Let w = x + 60. Calculate the highest common factor of h and w.
3
Suppose 5 = -4*c - 15. Let h = c + 29. Let d = 103 - 91. Calculate the highest common factor of h and d.
12
Suppose -14*a = -13*a - 78. Suppose -3*j - a = -6*j. Calculate the highest common divisor of 26 and j.
26
Let q be (-1 - 3)*3/(18/(-213)). Suppose 3*g = -5*f + 123 + q, 0 = 4*g - f - 315. What is the greatest common divisor of g and 16?
16
Suppose 5 = -r + 3*v + 30, 2*r = -2*v + 82. Suppose r*g + 60 = 42*g. What is the greatest common factor of 24 and g?
12
Let f = -58 - -40. Let h be 264/27 + (-4)/f. Suppose -5*t + 36 = -2*z - 3